{"id":67,"date":"2020-09-25T23:09:14","date_gmt":"2020-09-25T23:09:14","guid":{"rendered":"http:\/\/www.sellosmultimarcas.com.mx\/Trodat\/?page_id=67"},"modified":"2023-11-27T20:03:23","modified_gmt":"2023-11-27T20:03:23","slug":"trodat-goldring","status":"publish","type":"page","link":"https:\/\/www.sellosmultimarcas.com.mx\/Trodat\/trodat-goldring\/","title":{"rendered":"Trodat Goldring"},"content":{"rendered":"<p>[et_pb_section fb_built=\u00bb1&#8243; fullwidth=\u00bbon\u00bb _builder_version=\u00bb4.5.7&#8243; _module_preset=\u00bbdefault\u00bb][et_pb_fullwidth_header title=\u00bbTRODAT GOLDRING\u00bb header_scroll_down=\u00bbon\u00bb scroll_down_icon=\u00bb%%1%%\u00bb button_one_text=\u00bbCotiza tu sello\u00bb button_one_url=\u00bbhttps:\/\/api.whatsapp.com\/send?phone=5217221732541&#038;text=Hola, Sellos Multimarca me gustar\u00eda me cotizara\u00bb logo_image_url=\u00bbhttp:\/\/www.sellosmultimarcas.com.mx\/Trodat\/wp-content\/uploads\/2020\/09\/logo-trodat.png\u00bb header_image_url=\u00bbhttp:\/\/www.sellosmultimarcas.com.mx\/Trodat\/wp-content\/uploads\/2020\/09\/trodat_golding-portada.png\u00bb _builder_version=\u00bb4.5.7&#8243; _module_preset=\u00bbdefault\u00bb title_font=\u00bb||||||||\u00bb title_text_color=\u00bb#606060&#8243; content_text_color=\u00bb#000000&#8243; content_font_size=\u00bb16px\u00bb background_color=\u00bb#d6d6d6&#8243; custom_button_one=\u00bbon\u00bb button_one_text_size=\u00bb24px\u00bb button_one_bg_color=\u00bb#49b95c\u00bb button_one_border_width=\u00bb0px\u00bb button_one_border_radius=\u00bb20px\u00bb button_one_font=\u00bb||||||||\u00bb button_one_icon=\u00bb%%221%%\u00bb link_option_url_new_window=\u00bbon\u00bb hover_enabled=\u00bb0&#8243; title_font_size_tablet=\u00bb29px\u00bb title_font_size_phone=\u00bb29px\u00bb title_font_size_last_edited=\u00bbon|desktop\u00bb button_one_text_size_tablet=\u00bb25px\u00bb button_one_text_size_phone=\u00bb19px\u00bb button_one_text_size_last_edited=\u00bbon|phone\u00bb box_shadow_style_button_one=\u00bbpreset3&#8243;]<\/p>\n<div class=\"page\" title=\"Page 3\">\n<div class=\"layoutArea\">\n<div class=\"column\">\n<div class=\"page\" title=\"Page 23\">\n<div class=\"layoutArea\">\n<div class=\"column\">\n<p><span>La combinacio\u0301n de arti\u0301culo de escritura de alta calidad y sello funcional abre el camino a una amplia variedad de usos.<br \/> <\/span><\/p>\n<div class=\"page\" title=\"Page 23\">\n<div class=\"layoutArea\">\n<div class=\"column\">\n<p><span>+ D<\/span><span>istinguido <\/span><\/p>\n<p><span>+ P<\/span><span>reciso<br \/> <\/span><span>+ Fi<\/span><span>able <\/span><\/p>\n<\/div>\n<\/div>\n<\/div>\n<\/div>\n<\/div>\n<\/div>\n<div class=\"page\" title=\"Page 3\">\n<div class=\"layoutArea\">\n<div class=\"column\"><\/div>\n<\/div>\n<\/div>\n<\/div>\n<\/div>\n<\/div>\n<p>[\/et_pb_fullwidth_header][\/et_pb_section][et_pb_section fb_built=\u00bb1&#8243; _builder_version=\u00bb4.5.7&#8243; _module_preset=\u00bbdefault\u00bb custom_padding=\u00bb79px|||||\u00bb][et_pb_row _builder_version=\u00bb4.5.7&#8243; _module_preset=\u00bbdefault\u00bb][et_pb_column type=\u00bb4_4&#8243; _builder_version=\u00bb4.5.7&#8243; _module_preset=\u00bbdefault\u00bb][et_pb_text _builder_version=\u00bb4.5.7&#8243; _module_preset=\u00bbdefault\u00bb text_font=\u00bb|600|||||||\u00bb text_text_color=\u00bb#000000&#8243; text_font_size=\u00bb24px\u00bb text_line_height=\u00bb1.3em\u00bb custom_padding=\u00bb26px|||||\u00bb text_font_size_tablet=\u00bb20px\u00bb text_font_size_phone=\u00bb15px\u00bb text_font_size_last_edited=\u00bbon|phone\u00bb border_color_top=\u00bb#d6d6d6&#8243;]<\/p>\n<p>SMART STYLE &#8211; 33&#215;8.7 mm<\/p>\n<p>[\/et_pb_text][et_pb_gallery gallery_ids=\u00bb202,191,192,484,482,483&#8243; posts_number=\u00bb3&#8243; show_title_and_caption=\u00bboff\u00bb show_pagination=\u00bboff\u00bb zoom_icon_color=\u00bb#444444&#8243; hover_overlay_color=\u00bbrgba(165,165,165,0.36)\u00bb _builder_version=\u00bb4.5.7&#8243; _module_preset=\u00bbdefault\u00bb width=\u00bb160%\u00bb width_tablet=\u00bb100%\u00bb width_phone=\u00bb\u00bb width_last_edited=\u00bbon|phone\u00bb max_width=\u00bb120%\u00bb module_alignment=\u00bbcenter\u00bb][\/et_pb_gallery][\/et_pb_column][\/et_pb_row][et_pb_row _builder_version=\u00bb4.5.7&#8243; _module_preset=\u00bbdefault\u00bb][et_pb_column type=\u00bb4_4&#8243; _builder_version=\u00bb4.5.7&#8243; _module_preset=\u00bbdefault\u00bb][et_pb_text _builder_version=\u00bb4.5.7&#8243; _module_preset=\u00bbdefault\u00bb text_font=\u00bb|600|||||||\u00bb text_text_color=\u00bb#000000&#8243; text_font_size=\u00bb24px\u00bb text_line_height=\u00bb1.3em\u00bb custom_padding=\u00bb26px|||||\u00bb text_font_size_tablet=\u00bb20px\u00bb text_font_size_phone=\u00bb15px\u00bb text_font_size_last_edited=\u00bbon|phone\u00bb border_width_top=\u00bb2px\u00bb border_color_top=\u00bb#d6d6d6&#8243;]<\/p>\n<p>AUTOMATIC &#8211; 35&#215;7 mm<\/p>\n<p>[\/et_pb_text][et_pb_gallery gallery_ids=\u00bb202,191,192,477,475,476&#8243; posts_number=\u00bb3&#8243; show_title_and_caption=\u00bboff\u00bb show_pagination=\u00bboff\u00bb zoom_icon_color=\u00bb#444444&#8243; hover_overlay_color=\u00bbrgba(165,165,165,0.36)\u00bb _builder_version=\u00bb4.5.7&#8243; _module_preset=\u00bbdefault\u00bb width=\u00bb160%\u00bb width_tablet=\u00bb100%\u00bb width_phone=\u00bb\u00bb width_last_edited=\u00bbon|phone\u00bb max_width=\u00bb120%\u00bb module_alignment=\u00bbcenter\u00bb][\/et_pb_gallery][\/et_pb_column][\/et_pb_row][et_pb_row _builder_version=\u00bb4.5.7&#8243; _module_preset=\u00bbdefault\u00bb][et_pb_column type=\u00bb4_4&#8243; _builder_version=\u00bb4.5.7&#8243; _module_preset=\u00bbdefault\u00bb][et_pb_text _builder_version=\u00bb4.5.7&#8243; _module_preset=\u00bbdefault\u00bb text_font=\u00bb|600|||||||\u00bb text_text_color=\u00bb#000000&#8243; text_font_size=\u00bb24px\u00bb text_line_height=\u00bb1.3em\u00bb custom_padding=\u00bb26px|||||\u00bb text_font_size_tablet=\u00bb20px\u00bb text_font_size_phone=\u00bb15px\u00bb text_font_size_last_edited=\u00bbon|phone\u00bb border_width_top=\u00bb2px\u00bb border_color_top=\u00bb#d6d6d6&#8243;]<\/p>\n<p>GRANDOMATIC &#8211; 35&#215;9 mm<\/p>\n<p>[\/et_pb_text][et_pb_gallery gallery_ids=\u00bb202,191,192,480,478,479&#8243; posts_number=\u00bb3&#8243; show_title_and_caption=\u00bboff\u00bb show_pagination=\u00bboff\u00bb zoom_icon_color=\u00bb#444444&#8243; hover_overlay_color=\u00bbrgba(165,165,165,0.36)\u00bb _builder_version=\u00bb4.5.7&#8243; _module_preset=\u00bbdefault\u00bb width=\u00bb160%\u00bb width_tablet=\u00bb100%\u00bb width_phone=\u00bb\u00bb width_last_edited=\u00bbon|phone\u00bb max_width=\u00bb120%\u00bb module_alignment=\u00bbcenter\u00bb][\/et_pb_gallery][\/et_pb_column][\/et_pb_row][\/et_pb_section][et_pb_section fb_built=\u00bb1&#8243; fullwidth=\u00bbon\u00bb _builder_version=\u00bb4.5.7&#8243; _module_preset=\u00bbdefault\u00bb][et_pb_fullwidth_image src=\u00bbhttp:\/\/www.sellosmultimarcas.com.mx\/Trodat\/wp-content\/uploads\/2020\/10\/informacion-goldring.jpg\u00bb title_text=\u00bbinformacion-goldring\u00bb _builder_version=\u00bb4.5.7&#8243; _module_preset=\u00bbdefault\u00bb][\/et_pb_fullwidth_image][\/et_pb_section][et_pb_section fb_built=\u00bb1&#8243; _builder_version=\u00bb4.5.7&#8243; _module_preset=\u00bbdefault\u00bb background_color=\u00bb#1b4a76&#8243; custom_padding=\u00bb80px||80px|||\u00bb global_module=\u00bb943&#8243;][et_pb_row column_structure=\u00bb1_4,1_4,1_4,1_4&#8243; _builder_version=\u00bb4.5.7&#8243; _module_preset=\u00bbdefault\u00bb][et_pb_column type=\u00bb1_4&#8243; _builder_version=\u00bb4.5.7&#8243; _module_preset=\u00bbdefault\u00bb][et_pb_text _builder_version=\u00bb4.5.7&#8243; _module_preset=\u00bbdefault\u00bb animation_style=\u00bbslide\u00bb animation_direction=\u00bbbottom\u00bb]<\/p>\n<p style=\"text-align: center;\"><a href=\"https:\/\/goo.gl\/maps\/HkAkYcydE3zZWtCJ7\" target=\"_blank\" rel=\"noopener noreferrer\"><img decoding=\"async\" src=\"http:\/\/www.sellosmultimarcas.com.mx\/Trodat\/wp-content\/uploads\/2020\/09\/iconos-local.png\" width=\"100\" height=\"100\" alt=\"\" class=\"wp-image-43 alignnone size-full\" \/><\/a><\/p>\n<p style=\"text-align: center;\"><a href=\"https:\/\/goo.gl\/maps\/HkAkYcydE3zZWtCJ7\" target=\"_blank\" rel=\"noopener noreferrer\">C. Gral. Francisco Murgu\u00eda 501, Francisco Murgu\u00eda, 50130 Toluca de Lerdo, M\u00e9x.<\/a><\/p>\n<p>[\/et_pb_text][\/et_pb_column][et_pb_column type=\u00bb1_4&#8243; _builder_version=\u00bb4.5.7&#8243; _module_preset=\u00bbdefault\u00bb][et_pb_text _builder_version=\u00bb4.5.7&#8243; _module_preset=\u00bbdefault\u00bb animation_style=\u00bbslide\u00bb animation_direction=\u00bbbottom\u00bb]<\/p>\n<p style=\"text-align: center;\"><a href=\"https:\/\/api.whatsapp.com\/send?phone=5217221732541&amp;text=Hola,%20me%20gustar%C3%ADa%20me%20pudieran%20cotizar%20...\" target=\"_blank\" rel=\"noopener noreferrer\"><img decoding=\"async\" src=\"http:\/\/www.sellosmultimarcas.com.mx\/Trodat\/wp-content\/uploads\/2020\/09\/iconos-whatsapp.png\" width=\"100\" height=\"100\" alt=\"\" class=\"wp-image-44 alignnone size-full\" \/><\/a><\/p>\n<p style=\"text-align: center;\"><a href=\"https:\/\/api.whatsapp.com\/send?phone=5217221732541&amp;text=Hola,%20me%20gustar%C3%ADa%20me%20pudieran%20cotizar%20...\" target=\"_blank\" rel=\"noopener noreferrer\">722 173 2541<\/a><\/p>\n<p>[\/et_pb_text][\/et_pb_column][et_pb_column type=\u00bb1_4&#8243; _builder_version=\u00bb4.5.7&#8243; _module_preset=\u00bbdefault\u00bb][et_pb_text _builder_version=\u00bb4.5.7&#8243; _module_preset=\u00bbdefault\u00bb animation_style=\u00bbslide\u00bb animation_direction=\u00bbbottom\u00bb]<\/p>\n<p style=\"text-align: center;\"><a href=\"mailto:sellosmultimarcas@gmail.com\" target=\"_blank\" rel=\"noopener noreferrer\"><img decoding=\"async\" src=\"http:\/\/www.sellosmultimarcas.com.mx\/Trodat\/wp-content\/uploads\/2020\/09\/iconos-gmail.png\" width=\"101\" height=\"100\" alt=\"\" class=\"wp-image-42 alignnone size-full\" \/><\/a><\/p>\n<p style=\"text-align: center;\"><a href=\"mailto:sellosmultimarcas@gmail.com\">sellosmultimarcas@gmail.com<\/a><\/p>\n<p>[\/et_pb_text][\/et_pb_column][et_pb_column type=\u00bb1_4&#8243; _builder_version=\u00bb4.5.7&#8243; _module_preset=\u00bbdefault\u00bb][et_pb_text _builder_version=\u00bb4.5.7&#8243; _module_preset=\u00bbdefault\u00bb animation_style=\u00bbslide\u00bb animation_direction=\u00bbbottom\u00bb]<\/p>\n<p style=\"text-align: center;\"><a href=\"tel:7222383313\" target=\"_blank\" rel=\"noopener noreferrer\"><span><img decoding=\"async\" src=\"http:\/\/www.sellosmultimarcas.com.mx\/Trodat\/wp-content\/uploads\/2020\/09\/iconos_tel.png\" width=\"100\" height=\"100\" alt=\"\" class=\"wp-image-41 alignnone size-full\" \/><\/span><\/a><\/p>\n<p style=\"text-align: center;\"><span><a href=\"tel:7222383313\" target=\"_blank\" rel=\"noopener noreferrer\">722 238 3313<\/a><\/span><\/p>\n<p style=\"text-align: center;\"><span><a href=\"tel:7222386296\" target=\"_blank\" rel=\"noopener noreferrer\">722 238 6296<\/a><\/span><\/p>\n<p>[\/et_pb_text][\/et_pb_column][\/et_pb_row][\/et_pb_section]<\/p>\n","protected":false},"excerpt":{"rendered":"<p>[et_pb_section fb_built=\u00bb1&#8243; fullwidth=\u00bbon\u00bb _builder_version=\u00bb4.5.7&#8243; _module_preset=\u00bbdefault\u00bb][et_pb_fullwidth_header title=\u00bbTRODAT GOLDRING\u00bb header_scroll_down=\u00bbon\u00bb scroll_down_icon=\u00bb%%1%%\u00bb button_one_text=\u00bbCotiza tu sello\u00bb button_one_url=\u00bbhttps:\/\/api.whatsapp.com\/send?phone=5217221732541&#038;text=Hola, Sellos Multimarca me gustar\u00eda me cotizara\u00bb logo_image_url=\u00bbhttp:\/\/www.sellosmultimarcas.com.mx\/Trodat\/wp-content\/uploads\/2020\/09\/logo-trodat.png\u00bb header_image_url=\u00bbhttp:\/\/www.sellosmultimarcas.com.mx\/Trodat\/wp-content\/uploads\/2020\/09\/trodat_golding-portada.png\u00bb _builder_version=\u00bb4.5.7&#8243; _module_preset=\u00bbdefault\u00bb title_font=\u00bb||||||||\u00bb title_text_color=\u00bb#606060&#8243; content_text_color=\u00bb#000000&#8243; content_font_size=\u00bb16px\u00bb background_color=\u00bb#d6d6d6&#8243; custom_button_one=\u00bbon\u00bb button_one_text_size=\u00bb24px\u00bb button_one_bg_color=\u00bb#49b95c\u00bb button_one_border_width=\u00bb0px\u00bb button_one_border_radius=\u00bb20px\u00bb button_one_font=\u00bb||||||||\u00bb button_one_icon=\u00bb%%221%%\u00bb link_option_url_new_window=\u00bbon\u00bb hover_enabled=\u00bb0&#8243; title_font_size_tablet=\u00bb29px\u00bb title_font_size_phone=\u00bb29px\u00bb title_font_size_last_edited=\u00bbon|desktop\u00bb button_one_text_size_tablet=\u00bb25px\u00bb button_one_text_size_phone=\u00bb19px\u00bb button_one_text_size_last_edited=\u00bbon|phone\u00bb box_shadow_style_button_one=\u00bbpreset3&#8243;] La combinacio\u0301n de arti\u0301culo de escritura de alta calidad y sello [&hellip;]<\/p>\n","protected":false},"author":1,"featured_media":0,"parent":0,"menu_order":0,"comment_status":"closed","ping_status":"closed","template":"","meta":{"_et_pb_use_builder":"on","_et_pb_old_content":"<!-- wp:divi\/placeholder \/-->","_et_gb_content_width":"","footnotes":""},"yoast_head":"<!-- This site is optimized with the Yoast SEO plugin v21.3 - https:\/\/yoast.com\/wordpress\/plugins\/seo\/ -->\n<title>Trodat Goldring - Trodat<\/title>\n<meta name=\"robots\" content=\"index, follow, max-snippet:-1, max-image-preview:large, max-video-preview:-1\" \/>\n<link rel=\"canonical\" href=\"https:\/\/www.sellosmultimarcas.com.mx\/Trodat\/trodat-goldring\/\" \/>\n<meta property=\"og:locale\" content=\"es_ES\" \/>\n<meta property=\"og:type\" content=\"article\" \/>\n<meta property=\"og:title\" content=\"Trodat Goldring - Trodat\" \/>\n<meta property=\"og:description\" content=\"[et_pb_section fb_built=\u00bb1&#8243; fullwidth=\u00bbon\u00bb _builder_version=\u00bb4.5.7&#8243; _module_preset=\u00bbdefault\u00bb][et_pb_fullwidth_header title=\u00bbTRODAT GOLDRING\u00bb header_scroll_down=\u00bbon\u00bb scroll_down_icon=\u00bb\u00bb button_one_text=\u00bbCotiza tu sello\u00bb button_one_url=\u00bbhttps:\/\/api.whatsapp.com\/send?phone=5217221732541&#038;text=Hola, Sellos Multimarca me gustar\u00eda me cotizara\u00bb logo_image_url=\u00bbhttp:\/\/www.sellosmultimarcas.com.mx\/Trodat\/wp-content\/uploads\/2020\/09\/logo-trodat.png\u00bb header_image_url=\u00bbhttp:\/\/www.sellosmultimarcas.com.mx\/Trodat\/wp-content\/uploads\/2020\/09\/trodat_golding-portada.png\u00bb _builder_version=\u00bb4.5.7&#8243; _module_preset=\u00bbdefault\u00bb title_font=\u00bb||||||||\u00bb title_text_color=\u00bb#606060&#8243; content_text_color=\u00bb#000000&#8243; content_font_size=\u00bb16px\u00bb background_color=\u00bb#d6d6d6&#8243; custom_button_one=\u00bbon\u00bb button_one_text_size=\u00bb24px\u00bb button_one_bg_color=\u00bb#49b95c\u00bb button_one_border_width=\u00bb0px\u00bb button_one_border_radius=\u00bb20px\u00bb button_one_font=\u00bb||||||||\u00bb button_one_icon=\u00bb\u00bb link_option_url_new_window=\u00bbon\u00bb hover_enabled=\u00bb0&#8243; title_font_size_tablet=\u00bb29px\u00bb title_font_size_phone=\u00bb29px\u00bb title_font_size_last_edited=\u00bbon|desktop\u00bb button_one_text_size_tablet=\u00bb25px\u00bb button_one_text_size_phone=\u00bb19px\u00bb button_one_text_size_last_edited=\u00bbon|phone\u00bb box_shadow_style_button_one=\u00bbpreset3&#8243;] La combinacio\u0301n de arti\u0301culo de escritura de alta calidad y sello [&hellip;]\" \/>\n<meta property=\"og:url\" content=\"https:\/\/www.sellosmultimarcas.com.mx\/Trodat\/trodat-goldring\/\" \/>\n<meta property=\"og:site_name\" content=\"Trodat\" \/>\n<meta property=\"article:publisher\" content=\"https:\/\/www.facebook.com\/SELLOSMultimarca\/\" \/>\n<meta property=\"article:modified_time\" content=\"2023-11-27T20:03:23+00:00\" \/>\n<meta property=\"og:image\" content=\"http:\/\/www.sellosmultimarcas.com.mx\/Trodat\/wp-content\/uploads\/2020\/09\/iconos-local.png\" \/>\n<meta name=\"twitter:card\" content=\"summary_large_image\" \/>\n<meta name=\"twitter:label1\" content=\"Tiempo de lectura\" \/>\n\t<meta name=\"twitter:data1\" content=\"4 minutos\" \/>\n<script type=\"application\/ld+json\" class=\"yoast-schema-graph\">{\"@context\":\"https:\/\/schema.org\",\"@graph\":[{\"@type\":\"WebPage\",\"@id\":\"https:\/\/www.sellosmultimarcas.com.mx\/Trodat\/trodat-goldring\/\",\"url\":\"https:\/\/www.sellosmultimarcas.com.mx\/Trodat\/trodat-goldring\/\",\"name\":\"Trodat Goldring - Trodat\",\"isPartOf\":{\"@id\":\"https:\/\/www.sellosmultimarcas.com.mx\/Trodat\/#website\"},\"datePublished\":\"2020-09-25T23:09:14+00:00\",\"dateModified\":\"2023-11-27T20:03:23+00:00\",\"breadcrumb\":{\"@id\":\"https:\/\/www.sellosmultimarcas.com.mx\/Trodat\/trodat-goldring\/#breadcrumb\"},\"inLanguage\":\"es\",\"potentialAction\":[{\"@type\":\"ReadAction\",\"target\":[\"https:\/\/www.sellosmultimarcas.com.mx\/Trodat\/trodat-goldring\/\"]}]},{\"@type\":\"BreadcrumbList\",\"@id\":\"https:\/\/www.sellosmultimarcas.com.mx\/Trodat\/trodat-goldring\/#breadcrumb\",\"itemListElement\":[{\"@type\":\"ListItem\",\"position\":1,\"name\":\"Portada\",\"item\":\"https:\/\/www.sellosmultimarcas.com.mx\/Trodat\/\"},{\"@type\":\"ListItem\",\"position\":2,\"name\":\"Trodat Goldring\"}]},{\"@type\":\"WebSite\",\"@id\":\"https:\/\/www.sellosmultimarcas.com.mx\/Trodat\/#website\",\"url\":\"https:\/\/www.sellosmultimarcas.com.mx\/Trodat\/\",\"name\":\"Sellos Multimarcas - Trodat\",\"description\":\"Sellos Trodat\",\"publisher\":{\"@id\":\"https:\/\/www.sellosmultimarcas.com.mx\/Trodat\/#organization\"},\"potentialAction\":[{\"@type\":\"SearchAction\",\"target\":{\"@type\":\"EntryPoint\",\"urlTemplate\":\"https:\/\/www.sellosmultimarcas.com.mx\/Trodat\/?s={search_term_string}\"},\"query-input\":\"required name=search_term_string\"}],\"inLanguage\":\"es\"},{\"@type\":\"Organization\",\"@id\":\"https:\/\/www.sellosmultimarcas.com.mx\/Trodat\/#organization\",\"name\":\"Sellos Multimarcas\",\"url\":\"https:\/\/www.sellosmultimarcas.com.mx\/Trodat\/\",\"logo\":{\"@type\":\"ImageObject\",\"inLanguage\":\"es\",\"@id\":\"https:\/\/www.sellosmultimarcas.com.mx\/Trodat\/#\/schema\/logo\/image\/\",\"url\":\"http:\/\/www.sellosmultimarcas.com.mx\/Trodat\/wp-content\/uploads\/2020\/08\/logomultimarcas.png\",\"contentUrl\":\"http:\/\/www.sellosmultimarcas.com.mx\/Trodat\/wp-content\/uploads\/2020\/08\/logomultimarcas.png\",\"width\":199,\"height\":159,\"caption\":\"Sellos Multimarcas\"},\"image\":{\"@id\":\"https:\/\/www.sellosmultimarcas.com.mx\/Trodat\/#\/schema\/logo\/image\/\"},\"sameAs\":[\"https:\/\/www.facebook.com\/SELLOSMultimarca\/\",\"https:\/\/www.instagram.com\/sellos_multimarca\/?utm_medium=copy_link\"]}]}<\/script>\n<!-- \/ Yoast SEO plugin. -->","yoast_head_json":{"title":"Trodat Goldring - Trodat","robots":{"index":"index","follow":"follow","max-snippet":"max-snippet:-1","max-image-preview":"max-image-preview:large","max-video-preview":"max-video-preview:-1"},"canonical":"https:\/\/www.sellosmultimarcas.com.mx\/Trodat\/trodat-goldring\/","og_locale":"es_ES","og_type":"article","og_title":"Trodat Goldring - Trodat","og_description":"[et_pb_section fb_built=\u00bb1&#8243; fullwidth=\u00bbon\u00bb _builder_version=\u00bb4.5.7&#8243; _module_preset=\u00bbdefault\u00bb][et_pb_fullwidth_header title=\u00bbTRODAT GOLDRING\u00bb header_scroll_down=\u00bbon\u00bb scroll_down_icon=\u00bb\u00bb button_one_text=\u00bbCotiza tu sello\u00bb button_one_url=\u00bbhttps:\/\/api.whatsapp.com\/send?phone=5217221732541&#038;text=Hola, Sellos Multimarca me gustar\u00eda me cotizara\u00bb logo_image_url=\u00bbhttp:\/\/www.sellosmultimarcas.com.mx\/Trodat\/wp-content\/uploads\/2020\/09\/logo-trodat.png\u00bb header_image_url=\u00bbhttp:\/\/www.sellosmultimarcas.com.mx\/Trodat\/wp-content\/uploads\/2020\/09\/trodat_golding-portada.png\u00bb _builder_version=\u00bb4.5.7&#8243; _module_preset=\u00bbdefault\u00bb title_font=\u00bb||||||||\u00bb title_text_color=\u00bb#606060&#8243; content_text_color=\u00bb#000000&#8243; content_font_size=\u00bb16px\u00bb background_color=\u00bb#d6d6d6&#8243; custom_button_one=\u00bbon\u00bb button_one_text_size=\u00bb24px\u00bb button_one_bg_color=\u00bb#49b95c\u00bb button_one_border_width=\u00bb0px\u00bb button_one_border_radius=\u00bb20px\u00bb button_one_font=\u00bb||||||||\u00bb button_one_icon=\u00bb\u00bb link_option_url_new_window=\u00bbon\u00bb hover_enabled=\u00bb0&#8243; title_font_size_tablet=\u00bb29px\u00bb title_font_size_phone=\u00bb29px\u00bb title_font_size_last_edited=\u00bbon|desktop\u00bb button_one_text_size_tablet=\u00bb25px\u00bb button_one_text_size_phone=\u00bb19px\u00bb button_one_text_size_last_edited=\u00bbon|phone\u00bb box_shadow_style_button_one=\u00bbpreset3&#8243;] La combinacio\u0301n de arti\u0301culo de escritura de alta calidad y sello [&hellip;]","og_url":"https:\/\/www.sellosmultimarcas.com.mx\/Trodat\/trodat-goldring\/","og_site_name":"Trodat","article_publisher":"https:\/\/www.facebook.com\/SELLOSMultimarca\/","article_modified_time":"2023-11-27T20:03:23+00:00","og_image":[{"url":"http:\/\/www.sellosmultimarcas.com.mx\/Trodat\/wp-content\/uploads\/2020\/09\/iconos-local.png"}],"twitter_card":"summary_large_image","twitter_misc":{"Tiempo de lectura":"4 minutos"},"schema":{"@context":"https:\/\/schema.org","@graph":[{"@type":"WebPage","@id":"https:\/\/www.sellosmultimarcas.com.mx\/Trodat\/trodat-goldring\/","url":"https:\/\/www.sellosmultimarcas.com.mx\/Trodat\/trodat-goldring\/","name":"Trodat Goldring - Trodat","isPartOf":{"@id":"https:\/\/www.sellosmultimarcas.com.mx\/Trodat\/#website"},"datePublished":"2020-09-25T23:09:14+00:00","dateModified":"2023-11-27T20:03:23+00:00","breadcrumb":{"@id":"https:\/\/www.sellosmultimarcas.com.mx\/Trodat\/trodat-goldring\/#breadcrumb"},"inLanguage":"es","potentialAction":[{"@type":"ReadAction","target":["https:\/\/www.sellosmultimarcas.com.mx\/Trodat\/trodat-goldring\/"]}]},{"@type":"BreadcrumbList","@id":"https:\/\/www.sellosmultimarcas.com.mx\/Trodat\/trodat-goldring\/#breadcrumb","itemListElement":[{"@type":"ListItem","position":1,"name":"Portada","item":"https:\/\/www.sellosmultimarcas.com.mx\/Trodat\/"},{"@type":"ListItem","position":2,"name":"Trodat Goldring"}]},{"@type":"WebSite","@id":"https:\/\/www.sellosmultimarcas.com.mx\/Trodat\/#website","url":"https:\/\/www.sellosmultimarcas.com.mx\/Trodat\/","name":"Sellos Multimarcas - Trodat","description":"Sellos Trodat","publisher":{"@id":"https:\/\/www.sellosmultimarcas.com.mx\/Trodat\/#organization"},"potentialAction":[{"@type":"SearchAction","target":{"@type":"EntryPoint","urlTemplate":"https:\/\/www.sellosmultimarcas.com.mx\/Trodat\/?s={search_term_string}"},"query-input":"required name=search_term_string"}],"inLanguage":"es"},{"@type":"Organization","@id":"https:\/\/www.sellosmultimarcas.com.mx\/Trodat\/#organization","name":"Sellos Multimarcas","url":"https:\/\/www.sellosmultimarcas.com.mx\/Trodat\/","logo":{"@type":"ImageObject","inLanguage":"es","@id":"https:\/\/www.sellosmultimarcas.com.mx\/Trodat\/#\/schema\/logo\/image\/","url":"http:\/\/www.sellosmultimarcas.com.mx\/Trodat\/wp-content\/uploads\/2020\/08\/logomultimarcas.png","contentUrl":"http:\/\/www.sellosmultimarcas.com.mx\/Trodat\/wp-content\/uploads\/2020\/08\/logomultimarcas.png","width":199,"height":159,"caption":"Sellos Multimarcas"},"image":{"@id":"https:\/\/www.sellosmultimarcas.com.mx\/Trodat\/#\/schema\/logo\/image\/"},"sameAs":["https:\/\/www.facebook.com\/SELLOSMultimarca\/","https:\/\/www.instagram.com\/sellos_multimarca\/?utm_medium=copy_link"]}]}},"_links":{"self":[{"href":"https:\/\/www.sellosmultimarcas.com.mx\/Trodat\/wp-json\/wp\/v2\/pages\/67"}],"collection":[{"href":"https:\/\/www.sellosmultimarcas.com.mx\/Trodat\/wp-json\/wp\/v2\/pages"}],"about":[{"href":"https:\/\/www.sellosmultimarcas.com.mx\/Trodat\/wp-json\/wp\/v2\/types\/page"}],"author":[{"embeddable":true,"href":"https:\/\/www.sellosmultimarcas.com.mx\/Trodat\/wp-json\/wp\/v2\/users\/1"}],"replies":[{"embeddable":true,"href":"https:\/\/www.sellosmultimarcas.com.mx\/Trodat\/wp-json\/wp\/v2\/comments?post=67"}],"version-history":[{"count":17,"href":"https:\/\/www.sellosmultimarcas.com.mx\/Trodat\/wp-json\/wp\/v2\/pages\/67\/revisions"}],"predecessor-version":[{"id":988,"href":"https:\/\/www.sellosmultimarcas.com.mx\/Trodat\/wp-json\/wp\/v2\/pages\/67\/revisions\/988"}],"wp:attachment":[{"href":"https:\/\/www.sellosmultimarcas.com.mx\/Trodat\/wp-json\/wp\/v2\/media?parent=67"}],"curies":[{"name":"wp","href":"https:\/\/api.w.org\/{rel}","templated":true}]}}